t g(m) = -12*m**2 - 3*m + 48*m**2 + 13 - 10*m**2. Let x(s) = 13*s**2 - s + 6. Let f(q) = -4*g(q) + 9*x(q). List the prime factors of f(-1).
2, 3
Let n(b) = -b + 17. Let d be n(4). List the prime factors of ((-4)/(-3))/(d/624).
2
Suppose 0 = -2*s + 22 - 16. Suppose 0 = s*g - 384 + 147. List the prime factors of g.
79
List the prime factors of (-13)/((-715)/(-10)) + 136/22.
2, 3
Let x(o) = o + 2*o - o + 4 + o**2 - 10. Let g be x(-6). Suppose -3*i = 5*u - g, -4*u + 0*u = -3*i + 18. What are the prime factors of i?
2, 3
Suppose 0 = -3*s + 7*s + 876. Let h = s + 397. What are the prime factors of h?
2, 89
Suppose 2*j + 10964 = 5*o, -49*o + 45*o = -4*j - 8764. List the prime factors of o.
2, 1097
Suppose 3*w - 57 = -42. Let l be 30/4*(-4)/(-6). Suppose 8 = 2*b + 2*a - 86, 0 = -l*a + w. List the prime factors of b.
2, 23
Let p(c) be the third derivative of 2*c**5/15 - 7*c**4/24 - 3*c**3/2 + 7*c**2. Let t(k) be the first derivative of p(k). List the prime factors of t(5).
73
Let q(d) = -d**2 + 7*d - 6. Let l be q(8). Let t(z) = -11*z + 8. List the prime factors of t(l).
2, 3
What are the prime factors of (4/((-32)/(-3064)))/(2/2)?
383
Suppose j - 3*p - 12 = 0, -5*p + 8*p - 96 = -5*j. List the prime factors of 2/(-12) - (-3783)/j.
2, 3, 5, 7
Let j = -22 - -13. Let n(a) = -a**3 - 9*a**2 + 3. Let x be n(j). Suppose 0 = -2*o - 4*k + 20, -4*o + 0*o - x*k = -55. What are the prime factors of o?
2
Let l = -474 + 1312. What are the prime factors of l?
2, 419
Suppose 4*n - n - 21 = 0. Let r = n - -19. What are the prime factors of r?
2, 13
Let x(a) = -93*a**3 + a**2 - 3*a - 10. What are the prime factors of x(-2)?
2, 3, 31
Let n = 1758 + -735. List the prime factors of n.
3, 11, 31
Let t = -69 - -71. Suppose 0 = 3*o + 2*u - 420, 0 = -5*o + t*u - 0*u + 684. List the prime factors of o.
2, 3, 23
List the prime factors of 0 + (-4)/24 + 14403/18.
2, 5
Let j(n) = n**3 + 10*n**2 - n - 6. Let h be j(-10). Let q be (-2)/(-3) + 370/3. Suppose -h*f + 8*f = q. What are the prime factors of f?
31
Let n = 239 + -162. Let w be n/2*14/7. Let a = -35 + w. List the prime factors of a.
2, 3, 7
Suppose -2 = -3*b + 4. Suppose k = b + 51. List the prime factors of k.
53
Let k(l) = -l**2 + 9*l + 14 + 7*l - 3. What are the prime factors of k(6)?
71
Let w = 2 - 7. Let b(a) be the third derivative of -5*a**4/24 - 5*a**3/6 - 12*a**2. What are the prime factors of b(w)?
2, 5
Suppose 5*j - 2 = 6*j, -4*d + 12414 = -3*j. List the prime factors of d.
2, 3, 11, 47
Suppose -5*x - 5*f = 20, -x - 16 = -0*x + 4*f. Let g be 1 + x + (1 - -17). Suppose -5*s = -4*s - g. What are the prime factors of s?
19
Let p = -9 - -6. Let n be (3 + -7 - p)*-8. Let y = 0 + n. List the prime factors of y.
2
Suppose 0 = -8*q + 9*q + 112. Let z = q - -186. List the prime factors of z.
2, 37
Suppose 3*y - 1399 - 709 = 4*o, -2*o = -4*y + 2824. Suppose y = -11*c + 17*c. List the prime factors of c.
2, 59
Let k = 235 - 96. List the prime factors of k.
139
Let z = 4711 + -3215. What are the prime factors of z?
2, 11, 17
Let i(g) = 2*g - 11. Let f be i(5). Let v = 1 - f. Suppose -v*n + l = -8, 5*n + 2*l = 3*n + 14. List the prime factors of n.
5
Let y(b) be the first derivative of 2*b**3 + 23. Suppose f - 2*s - 6 = 0, -4*s - 20 = f + f. List the prime factors of y(f).
2, 3
Let v(s) = 131*s - 88. List the prime factors of v(9).
1091
Suppose -5*g = -31 + 1. Suppose -g*j + 34 = -5*j. List the prime factors of j.
2, 17
Suppose -19*a + 2873 = -16*a - g, 3*a = 5*g + 2881. What are the prime factors of a?
3, 11, 29
Let t(u) = 14*u**2 + 7*u - 6. Let m be t(5). Let w = -134 + m. What are the prime factors of w?
5, 7
Let w(i) = 3*i**3 - 4*i**2 - 10*i + 7. What are the prime factors of w(6)?
11, 41
Let h(o) = -7*o + 4. Let b(k) = k**3 - 18*k**2 + k - 23. Let l be b(18). Let v be h(l). Let w = v + -17. What are the prime factors of w?
2, 11
Suppose 0 = -s + 4*j + 673, -1447 = -2*s - 2*j - 71. What are the prime factors of s?
5, 137
Let k = -128 + 9. Let z = 184 + k. What are the prime factors of z?
5, 13
Suppose 5*d = 54 - 14. Let v = d - 7. What are the prime factors of 30 - (4 - v)/(-1)?
3, 11
Let h = 134 - 328. Let k = 285 + h. What are the prime factors of k?
7, 13
What are the prime factors of -459*((-4 - 12) + 11)?
3, 5, 17
Let y = 4 + -1. Suppose 4*r - 3*r + y*t = 84, 2*r - 2*t = 144. List the prime factors of r.
3, 5
Let v = 1631 - 565. What are the prime factors of v?
2, 13, 41
Let b be 4 - (-60)/(-8)*-6. Suppose -k - w = -56, -k + 2*w + 16 + b = 0. List the prime factors of k.
59
What are the prime factors of (-6 - 15/(-5)) + 64?
61
Suppose 8*p - 6*p = 4. Suppose 0 = 4*f - 3*f - p. Suppose f*q = -2, 3*r - 2*q - 34 - 16 = 0. What are the prime factors of r?
2
Let u(h) = 14*h + 1. Suppose -8 = 4*f - 6*f. What are the prime factors of u(f)?
3, 19
Let x(k) = -30*k + 164. What are the prime factors of x(0)?
2, 41
Let t(i) = -i**2 + 10*i + 10. Suppose w - 23 = -4*l, -16 + 57 = 3*l - 4*w. Let a = 16 - l. List the prime factors of t(a).
19
Let u be (1 + 0)*(13 - 0). Suppose u = 3*d + 1. Suppose -2*v - d*b + 95 = -5*b, 20 = 4*b. What are the prime factors of v?
2, 5
Let d(j) = -j + 5. Let s be d(-13). Let x = 21 - s. Suppose 215 = 4*i - 3*n - 20, x*i + n = 186. What are the prime factors of i?
61
What are the prime factors of -15*(-7)/(-21)*1 + 646?
641
Let o be ((-9)/((-27)/(-6)))/(4/(-110)). Let w = 211 + o. What are the prime factors of w?
2, 7, 19
Let t(h) = h**3 - 2*h - 1. Let i be t(3). Suppose -4*x = -2*f + i, -2*f = 3*x - 2*x. What are the prime factors of (-2 + 0)/(2/x)?
2
Suppose -v + t = -8, 2*v = 5*v + 3*t + 6. Suppose 0*k = 2*b - v*k - 506, 5*k - 1012 = -4*b. What are the prime factors of b?
11, 23
Suppose 10 = 2*a, -3*v - a = -2*v - 21. Suppose -v = -4*d + 24. What are the prime factors of d?
2, 5
What are the prime factors of (-63)/84 + (7275/20 - 4)?
359
Let o(a) = a**3 + 14*a**2 + 5*a - 54. What are the prime factors of o(-13)?
2, 5
Let r = 1021 + 124. List the prime factors of r.
5, 229
Suppose 1682 = 7*k - 8412. List the prime factors of k.
2, 7, 103
Suppose 58*r - 205891 + 61471 = 0. List the prime factors of r.
2, 3, 5, 83
Suppose -j + 2 = j. Let h be -6 - (j - (0 - -4)). Let x = 52 - h. List the prime factors of x.
5, 11
Let w(c) = 5 + 2*c - 6 - 7. Let f be w(9). What are the prime factors of 1/2*f + -3?
2
Suppose 0 = 2*t + 2*s - 8092 + 1096, -2*t + 5*s = -6975. List the prime factors of t.
3, 5, 233
What are the prime factors of (2/6)/(9*(-6)/(-245106))?
17, 89
Let t = -195 + 401. List the prime factors of t.
2, 103
Let n = 192 + -40. Let c = n + -70. What are the prime factors of c?
2, 41
Suppose -2*r = 2*g - 888, -4*g = 3*r + 2*r - 1778. What are the prime factors of g?
2, 13, 17
List the prime factors of (-565)/(-1) - 0/15.
5, 113
Suppose -5*d + m - 106 = 0, 0 = 3*m + 12. Let h = 26 + d. Suppose h*t - 2*t = 40. List the prime factors of t.
2, 5
Suppose 4*h + 2*q = -351 - 81, 5*h + 2*q + 538 = 0. Let a = h + 223. What are the prime factors of a?
3, 13
Let n(f) = -f**3 - 8*f**2 + 26*f + 62. List the prime factors of n(-17).
2221
Let v(n) = -n - 6. Let h be v(-8). Suppose t - 3*z = 2*t - 6, 0 = h*z - 2. Suppose 0 = 5*c + t - 23. What are the prime factors of c?
2
Suppose -24*k + 33 + 2967 = 0. What are the prime factors of k?
5
Let b = 13 - 26. Let q = b + -21. Let t = 59 + q. List the prime factors of t.
5
Suppose 2*z = 3*f + 23, -z - 2*f = 3*f + 21. Suppose 3*o = 5 + z. Suppose v - o*a = -0*a + 1, a - 69 = -5*v. What are the prime factors of v?
13
Suppose 0 = 5*o + 3*a + 22, -2*o - 5*a - 23 = 1. Let r be (o - -5)*(1 + 0). What are the prime factors of 12*((-22)/(-6) - r)?
2
Let f be 2440/24 - 2/3. What are the prime factors of (-7 + f)/(-2 - -4)?
47
Suppose -7 = -4*k + 5. Suppose 0 = -0*f - f + 4*c + 12, f + k*c = 40. Let v = f + -9. List the prime factors of v.
19
Let x(p) = -1813*p + 12. List the prime factors of x(-1).
5, 73
Let f(g) = -2*g + 442 - 416 - g. What are the prime factors of f(0)?
2, 13
Let l = -1096 + 2023. What are the prime factors of l?
3, 103
Suppose 0 = -3*h - f + 14, -2*h - 3*f + 15 = -8*f. Suppose -2*d + 300 = h*m, -d - 285 = 2*m - 7*m. Suppose m + 56 = 2*q. List the prime factors of q.
3, 19
Suppose -2*b + b = -2*p - 10, 0 = -3*b - 2*p + 6. Suppose -2*a + 28 = b*g - 0*g, -18 = -3